11323331
-3460c (base 15) to base 14
-44a9b
What is -4778225 (base 9) in base 2?
-1001111000100101001011
-4303441300 (base 5) to base 8
-42404662
Convert -2011021002200 (base 3) to base 7.
-12514260
Convert -33abd (base 14) to base 3.
-20101022010
-20a (base 13) to base 5
-2343
1691a (base 13) to base 11
2a582
1110220221222 (base 3) to base 7
6452030
What is -22112013 (base 6) in base 8?
-2416251
What is 1203013 (base 4) in base 14?
2451
What is a5096 (base 12) in base 5?
23403424
-111211331301 (base 4) to base 10
-5660529
What is -1875fe (base 16) in base 12?
-653852
-547698 (base 10) to base 11
-344548
-52562045 (base 8) to base 4
-222232100211
Convert -884939 (base 11) to base 16.
-158b97
-a4b64 (base 14) to base 8
-1410104
What is -253562 (base 10) in base 5?
-31103222
Convert 661ae (base 15) to base 10.
324389
Convert -484e3 (base 15) to base 12.
-b1559
42619 (base 14) to base 5
20112401
-431aa (base 12) to base 3
-11111021011
What is 100310113312 (base 4) in base 3?
22021222202201
What is 100100101101101010011 (base 2) in base 6?
41441323
3193f (base 16) to base 5
22444241
Convert 893627 (base 10) to base 12.
37118b
What is -23120120130 (base 4) in base 3?
-12121120112020
-117768 (base 10) to base 9
-188483
Convert -4246a (base 15) to base 2.
-110011010101001010
Convert -132303231202 (base 4) to base 2.
-11110110011101101100010
Convert -22100121112 (base 3) to base 12.
-7b21b
Convert -4881e (base 15) to base 13.
-813a7
Convert 10708 (base 12) to base 9.
32748
What is -405b0 (base 15) in base 2?
-110001110000001110
-167a34 (base 11) to base 12
-106199
What is -3111420231 (base 5) in base 16?
-61023e
231010122 (base 4) to base 3
100101020010
Convert -120201111112 (base 3) to base 4.
-1023203111
What is -1138730 (base 9) in base 10?
-616599
102402111 (base 5) to base 7
3460135
Convert 114214 (base 8) to base 6.
500444
What is -3597b (base 13) in base 5?
-11121131
Convert 52918 (base 12) to base 4.
122132210
What is 15574564 (base 9) in base 15?
a3b8ba
What is c094d (base 15) in base 14?
11c22a
-403136 (base 9) to base 5
-30112442
-5965 (base 12) to base 9
-14655
-1a0771 (base 12) to base 6
-13445021
What is 898917 (base 11) in base 5?
331310212
-13709996 (base 10) to base 7
-224350556
Convert 1204374 (base 8) to base 4.
1100203330
Convert 10111101111111000100 (base 2) to base 8.
2757704
-41252477 (base 8) to base 4
-201111110333
Convert -3d2163 (base 15) to base 16.
-2ce956
-166106235 (base 7) to base 15
-100be2c
What is 1010010111011101 (base 2) in base 16?
a5dd
Convert 171478 (base 12) to base 11.
250896
Convert -41140 (base 10) to base 2.
-1010000010110100
Convert 47116a (base 11) to base 10.
748219
-184354 (base 10) to base 13
-65bb1
What is 644958 (base 13) in base 15?
317009
-10ba186 (base 13) to base 8
-23544335
1320506 (base 7) to base 6
3413255
-4434216 (base 9) to base 10
-2384736
Convert -6782434 (base 9) to base 14.
-6b2678
What is 86380 (base 13) in base 2?
111011001001101001
Convert -733c (base 16) to base 3.
-1111110121
719a32 (base 13) to base 7
31342241
Convert 272052 (base 8) to base 3.
11211200200
1243242 (base 5) to base 3
1021001100
Convert -45880 (base 12) to base 8.
-265240
25067405 (base 8) to base 3
101102010110102
Convert 111001100000101111 (base 2) to base 3.
102222010201
3131200101 (base 4) to base 8
3354021
221024245 (base 6) to base 3
21110122212202
63239 (base 11) to base 4
112133123
What is 11001011110010011 (base 2) in base 8?
313623
Convert -301279 (base 11) to base 14.
-c8976
-172773 (base 9) to base 8
-321073
1001110011111011 (base 2) to base 6
510015
What is -21cf8 (base 16) in base 4?
-201303320
1d757 (base 16) to base 14
31d8b
What is 226728 (base 10) in base 12?
ab260
Convert 651429 (base 16) to base 10.
6624297
Convert 93859 (base 11) to base 3.
20221122110
What is 10112001012221 (base 3) in base 8?
7105666
Convert -5730947 (base 10) to base 4.
-111313022003
-3b9b58 (base 14) to base 8
-7675202
What is -150542242 (base 6) in base 8?
-13725262
Convert -132942b (base 12) to base 8.
-16352443
Convert 290241 (base 11) to base 16.
6ee0e
What is 30374 (base 9) in base 14?
7401
-30131111232 (base 4) to base 3
-20010220222100
What is 4674b (base 13) in base 9?
215448
Convert 162632512 (base 7) to base 15.
e84297
What is -111213021 (base 4) in base 14?
-2438d
Convert 12b18d (base 15) to base 2.
11011011010000111100
What is -10015322 (base 6) in base 15?
-58a3e
Convert -2075774 (base 8) to base 3.
-1001020201122
Convert 4660a (base 12) to base 4.
112333222
Convert -5cb2da (base 14) to base 15.
-42c73a
Convert -59b27 (base 16) to base 10.
-367399
102012220202002 (base 3) to base 5
3011243204
Convert -18d50d (base 16) to base 3.
-10001200101021
740424 (base 9) to base 7
3511414
Convert -704383 (base 13) to base 6.
-131524101
132211223 (base 5) to base 3
1020200220011
-dc73a (base 14) to base 4
-2002110000
30012212 (base 4) to base 8
140646
What is -a464 (base 15) in base 2?
-1000011110111000
Convert -174969 (base 13) to base 8.
-2157760
What is 110001001001010111111 (base 2) in base 3?
10000211002121
Convert 48361 (base 15) to base 13.
80a6a
Convert -5114035 (base 6) to base 15.
-4c10e
Convert -59702 (base 10) to base 13.
-21236
What is 149b93 (base 13) in base 12?
2056a1
What is -370289 (base 10) in base 5?
-43322124
Convert -14bb8 (base 12) to base 11.
-20082
Convert 134572 (base 12) to base 14.
84246
What is -1221101321 (base 4) in base 11?
-274a93
Convert -2210501 (base 6) to base 9.
-177321
Convert -18707 (base 13) to base 16.
-b8df
What is -15010234 (base 6) in base 3?
-222010220111
Convert 10237 (base 12) to base 3.
1001220021
Convert -31022143 (base 5) to base 3.
-110210001121
Convert 100001010100101 (base 2) to base 14.
6309
Convert 5e434 (base 15) to base 11.
196431
What is -111111001100000000010 (base 2) in base 13?
-576587
-1098882 (base 12) to base 8
-14121742
Convert -13502452 (base 6) to base 15.
-911b2
Convert -30000244 (base 5) to base 13.
-82937
Convert -10001021211 (base 3) to base 13.
-213c7
What is 1257006 (base 8) in base 2?
1010101111000000110
What is 3111431 (base 5) in base 7?
301204
Convert 482843 (base 9) to base 7.
2320620
What is -367a5 (base 11) in base 7?
-310100
What is -3513307 (base 9) in base 3?
-10120110100021
What is -10101110222 (base 3) in base 5?
-4113224
8160 (base 14) to base 8
53330
What is -73483 (base 11) in base 2?
-11010001000101111
Convert -746771 (base 14) to base 6.
-220211531
Convert -253610 (base 7) to base 9.
-71355
-574113 (base 11) to base 4
-3132330301
What is 1455150 (base 6) in base 2?
10100110110001010
Convert -32004033 (base 5) to base 10.
-266143
100340004 (base 5) to base 13
11128b
-484017 (base 11) to base 12
-30b816
Convert 1433202 (base 6) to base 8.
240702
What is -256064 (base 7) in base 3?
-2102110112
What is 1020222131 (base 5) in base 16?
204e2e
Convert -b4516 (base 12) to base 5.
-30020441
What is -330b9 (base 14) in base 12?
-5b677
Convert -201000222022 (base 3) to base 13.
-101711
Convert 110021110021100 (base 3) to base 5.
3132232034
What is 45042141 (base 7) in base 2?
1110110110011000110001
295b94 (base 16) to base 14
507a96
1031244 (base 6) to base 9
76681
Convert 26a1 (base 15) to base 5.
231001
Convert -251353 (base 6) to base 4.
-11131311
-11011001110011001101101 (base 2) to base 7
-114443136
Convert 2267424 (base 8) to base 10.
618260
510380 (base 11) to base 2
11001000010001111011
Convert 122612066 (base 7) to base 10.
7751162
472635 (base 10) to base 12
1a9623
114205641 (base 7) to base 14
d296c8
Convert 197663 (base 15) to base 11.
777755
25aa6aa (base 11) to base 12
1615413
-4c8a7 (base 13) to base 5
-14021342
What is -403323043 (base 5) in base 9?
-3038682
425465 (base 7) to base 6
1330312
Convert -50738 (base 10) to base 6.
-1030522
What is -321223 (base 9) in base 16?
-2eacd
10022000110 (base 3) to base 7
360123
-141751 (base 8) to base 10
-50153
211100122111 (base 3) to base 6
13233151
b74946 (base 15) to base 9
17364743
Convert -3037655 (base 8) to base 3.
-1111210010212
What is 13234130 (base 5) in base 8?
405041
Convert 450324 (base 7) to base 2.
10011011000100110
-34312114 (base 8) to base 2
-11100011001010001001100
Convert -110100001111101101011 (base 2) to base 9.
-3188348
Convert 319934 (base 12) to base 2.
10111